{"id":348,"date":"2025-11-14T07:48:29","date_gmt":"2025-11-14T00:48:29","guid":{"rendered":"https:\/\/intemphugiare.com\/?page_id=348"},"modified":"2025-11-14T07:52:28","modified_gmt":"2025-11-14T00:52:28","slug":"chinh-sach-bao-mat-2","status":"publish","type":"page","link":"https:\/\/intemphugiare.com\/index.php\/chinh-sach-bao-mat-2\/","title":{"rendered":"Ch\u00ednh s\u00e1ch b\u1ea3o m\u1eadt"},"content":{"rendered":"\n<h2 class=\"wp-block-heading\">Ch\u00ednh s\u00e1ch b\u1ea3o m\u1eadt<\/h2>\n\n\n\n<ol class=\"wp-block-list\"><\/ol>\n\n\n\n<ol start=\"1\" class=\"wp-block-list\">\n<li><strong>B\u1ea3o m\u1eadt th\u00f4ng tin c\u00e1 nh\u00e2n<\/strong><\/li>\n<\/ol>\n\n\n\n<p>Intemphugiare.com \u0111\u1ea3m b\u1ea3o r\u1eb1ng m\u1ecdi th\u00f4ng tin c\u00e1 nh\u00e2n m\u00e0 kh\u00e1ch h\u00e0ng cung c\u1ea5p s\u1ebd \u0111\u01b0\u1ee3c \u0111\u1ea3m b\u1ea3o an to\u00e0n, ch\u00fang t\u00f4i tri\u1ec3n khai c\u00e1c bi\u1ec7n ph\u00e1p b\u1ea3o m\u1eadt cao nh\u1ea5t \u0111\u1ec3 b\u1ea3o v\u1ec7 th\u00f4ng tin c\u00e1 nh\u00e2n c\u1ee7a kh\u00e1ch h\u00e0ng:<\/p>\n\n\n\n<p>&#8211; Gi\u1edbi h\u1ea1n truy c\u1eadp th\u00f4ng tin c\u00e1 nh\u00e2n<\/p>\n\n\n\n<p>&#8211; X\u00f3a th\u00f4ng tin c\u00e1 nh\u00e2n c\u1ee7a qu\u00fd kh\u00e1ch n\u1ebfu n\u00f3 kh\u00f4ng c\u00f2n c\u1ea7n thi\u1ebft cho vi\u1ec7c l\u01b0u tr\u1eef d\u1eef li\u1ec7u c\u1ee7a ch\u00fang t\u00f4i<\/p>\n\n\n\n<p>Ch\u00fang t\u00f4i s\u1ebd kh\u00f4ng chia s\u1ebb th\u00f4ng tin c\u1ee7a qu\u00fd kh\u00e1ch cho b\u1ea5t k\u1ef3 m\u1ed9t c\u00f4ng ty n\u00e0o kh\u00e1c ngo\u1ea1i tr\u1eeb nh\u1eefng c\u00f4ng ty v\u00e0 c\u00e1c b\u00ean th\u1ee9 ba c\u00f3 li\u00ean quan tr\u1ef1c ti\u1ebfp \u0111\u1ebfn vi\u1ec7c giao h\u00e0ng m\u00e0 qu\u00fd kh\u00e1ch \u0111\u00e3 mua t\u1ea1i Intemphugiare.com. Trong m\u1ed9t v\u00e0i tr\u01b0\u1eddng h\u1ee3p \u0111\u1eb7c bi\u1ec7t, Intemphugiare.com c\u00f3 th\u1ec3 b\u1ecb y\u00eau c\u1ea7u ph\u1ea3i ti\u1ebft l\u1ed9 th\u00f4ng tin c\u00e1 nh\u00e2n t\u1eeb c\u01a1 quan ch\u1ee9c n\u0103ng c\u00f3 th\u1ea9m quy\u1ec1n.<\/p>\n\n\n\n<ol start=\"2\" class=\"wp-block-list\">\n<li><strong>Thu th\u1eadp th\u00f4ng tin c\u00e1 nh\u00e2n<\/strong><\/li>\n<\/ol>\n\n\n\n<p>Th\u00f4ng tin c\u00e1 nh\u00e2n c\u1ee7a qu\u00fd kh\u00e1ch ch\u1ec9 s\u1eed d\u1ee5ng trong n\u1ed9i b\u1ed9 Intemphugiare.com<\/p>\n\n\n\n<p>Khi qu\u00fd kh\u00e1ch \u0111\u0103ng k\u00fd t\u00e0i kho\u1ea3n t\u1ea1i Intemphugiare.com qu\u00fd kh\u00e1ch h\u00e0ng ch\u1ec9 cung c\u1ea5p cho ch\u00fang t\u00f4i nh\u1eefng th\u00f4ng tin sau:<\/p>\n\n\n\n<ul class=\"wp-block-list\">\n<li>H\u1ecd t\u00ean<\/li>\n\n\n\n<li>\u0110\u1ecba ch\u1ec9 giao h\u00e0ng<\/li>\n\n\n\n<li>\u0110\u1ecba ch\u1ec9 Email<\/li>\n\n\n\n<li>S\u1ed1 \u0111i\u1ec7n tho\u1ea1i di \u0111\u1ed9ng<\/li>\n<\/ul>\n\n\n\n<p>V\u00e0 nh\u1eefng th\u00f4ng tin tr\u00ean \u0111\u01b0\u1ee3c s\u1eed d\u1ee5ng cho m\u1ee5c \u0111\u00edch:<\/p>\n\n\n\n<ul class=\"wp-block-list\">\n<li>Giao h\u00e0ng qu\u00fd kh\u00e1ch \u0111\u00e3 mua t\u1ea1i Intemphugiare.com<\/li>\n\n\n\n<li>Cung c\u1ea5p th\u00f4ng tin li\u00ean quan \u0111\u1ebfn s\u1ea3n ph\u1ea9m<\/li>\n\n\n\n<li>X\u1eed l\u00fd \u0111\u01a1n \u0111\u1eb7t h\u00e0ng v\u00e0 cung c\u1ea5p d\u1ecbch v\u1ee5 v\u00e0 th\u00f4ng tin qua trang web c\u1ee7a ch\u00fang t\u00f4i theo y\u00eau c\u1ea7u c\u1ee7a qu\u00fd kh\u00e1ch<\/li>\n\n\n\n<li>Th\u00f4ng b\u00e1o v\u1ec1 vi\u1ec7c giao h\u00e0ng v\u00e0 h\u1ed7 tr\u1ee3 kh\u00e1ch h\u00e0ng<\/li>\n<\/ul>\n\n\n\n<p>Ngo\u00e0i ra, ch\u00fang t\u00f4i s\u1ebd s\u1eed d\u1ee5ng th\u00f4ng tin qu\u00fd kh\u00e1ch cung c\u1ea5p \u0111\u1ec3 h\u1ed7 tr\u1ee3 qu\u1ea3n l\u00fd t\u00e0i kho\u1ea3n kh\u00e1ch h\u00e0ng; x\u00e1c nh\u1eadn v\u00e0 th\u1ef1c hi\u1ec7n c\u00e1c giao d\u1ecbch t\u00e0i ch\u00ednh li\u00ean quan \u0111\u1ebfn c\u00e1c kho\u1ea3n thanh to\u00e1n tr\u1ef1c tuy\u1ebfn c\u1ee7a qu\u00fd kh\u00e1ch; ki\u1ec3m tra d\u1eef li\u1ec7u t\u1ea3i t\u1eeb trang web c\u1ee7a ch\u00fang t\u00f4i<\/p>\n\n\n\n<p>Ch\u00fang t\u00f4i c\u00f3 th\u1ec3 chia s\u1ebb t\u00ean, \u0111\u1ecba ch\u1ec9 v\u00e0 s\u1ed1 \u0111i\u1ec7n tho\u1ea1i c\u1ee7a qu\u00fd kh\u00e1ch cho m\u1ed9t b\u00ean th\u1ee9 ba \u0111\u1ec3 c\u00f3 th\u1ec3 giao h\u00e0ng cho qu\u00fd kh\u00e1ch (v\u00ed d\u1ee5 nh\u01b0 nh\u00e0 cung c\u1ea5p c\u1ee7a ch\u00fang t\u00f4i hay d\u1ecbch v\u1ee5 chuy\u1ec3n ph\u00e1t nhanh).<\/p>\n\n\n\n<p>Khi qu\u00fd kh\u00e1ch \u0111\u0103ng k\u00fd l\u00e0m th\u00e0nh vi\u00ean tr\u00ean trang web Intemphugiare.com, ch\u00fang t\u00f4i c\u0169ng s\u1ebd s\u1eed d\u1ee5ng th\u00f4ng tin c\u00e1 nh\u00e2n c\u1ee7a qu\u00fd kh\u00e1ch \u0111\u1ec3 g\u1eedi c\u00e1c th\u00f4ng tin khuy\u1ebfn m\u00e3i \/ ti\u1ebfp th\u1ecb v\u00e0 nh\u1eefng tin t\u1ee9c c\u1eadp nh\u1eadt t\u1eeb Intemphugiare.com. Qu\u00fd kh\u00e1ch c\u00f3 th\u1ec3 h\u1ee7y nh\u1eadn c\u00e1c th\u00f4ng tin \u0111\u00f3 b\u1ea5t k\u1ef3 l\u00fac n\u00e0o b\u1eb1ng c\u00e1ch s\u1eed d\u1ee5ng ch\u1ee9c n\u0103ng h\u1ee7y \u0111\u0103ng k\u00fd trong c\u00e1c b\u1ea3n tin.<\/p>\n\n\n\n<p>Chi ti\u1ebft \u0111\u01a1n h\u00e0ng c\u1ee7a qu\u00fd kh\u00e1ch s\u1ebd \u0111\u01b0\u1ee3c ch\u00fang t\u00f4i l\u01b0u tr\u1eef nh\u01b0ng v\u00ec l\u00fd do b\u1ea3o m\u1eadt, qu\u00fd kh\u00e1ch kh\u00f4ng th\u1ec3 y\u00eau c\u1ea7u th\u00f4ng tin \u0111\u00f3 t\u1eeb ch\u00fang t\u00f4i. Tuy nhi\u00ean, qu\u00fd kh\u00e1ch c\u00f3 th\u1ec3 ki\u1ec3m tra th\u00f4ng tin \u0111\u00f3 b\u1eb1ng c\u00e1ch \u0111\u0103ng nh\u1eadp v\u00e0o t\u00e0i kho\u1ea3n ri\u00eang c\u1ee7a m\u00ecnh tr\u00ean trang web. T\u1ea1i \u0111\u00f3, qu\u00fd kh\u00e1ch c\u00f3 th\u1ec3 theo d\u00f5i \u0111\u1ea7y \u0111\u1ee7 chi ti\u1ebft c\u1ee7a c\u00e1c \u0111\u01a1n h\u00e0ng \u0111\u00e3 ho\u00e0n t\u1ea5t, nh\u1eefng \u0111\u01a1n h\u00e0ng m\u1edf v\u00e0 nh\u1eefng \u0111\u01a1n h\u00e0ng s\u1eafp \u0111\u01b0\u1ee3c giao c\u0169ng nh\u01b0 qu\u1ea3n l\u00fd th\u00f4ng tin v\u1ec1 \u0111\u1ecba ch\u1ec9, th\u00f4ng tin v\u1ec1 ng\u00e2n h\u00e0ng v\u00e0 nh\u1eefng b\u1ea3n tin m\u00e0 qu\u00fd kh\u00e1ch \u0111\u00e3 \u0111\u0103ng k\u00fd nh\u1eadn.<\/p>\n\n\n\n<p>Qu\u00fd kh\u00e1ch c\u1ea7n b\u1ea3o \u0111\u1ea3m l\u00e0 th\u00f4ng tin \u0111\u01b0\u1ee3c truy c\u1eadp b\u1edfi ch\u00ednh qu\u00fd kh\u00e1ch v\u00e0 kh\u00f4ng l\u00e0m l\u1ed9 cho m\u1ed9t b\u00ean th\u1ee9 ba kh\u00f4ng c\u00f3 quy\u1ec1n. M\u1eadt kh\u1ea9u s\u1ebd \u0111\u01b0\u1ee3c m\u00e3 ho\u00e1 1 chi\u1ec1u v\u00e0 kh\u00f4ng th\u1ec3 gi\u1ea3i m\u00e3 n\u00ean ch\u00fang t\u00f4i s\u1ebd kh\u00f4ng th\u1ec3 cung c\u1ea5p l\u1ea1i m\u1eadt m\u00e3 cho qu\u00fd kh\u00e1ch trong tr\u01b0\u1eddng h\u1ee3p qu\u00ean m\u1eadt m\u00e3.<\/p>\n\n\n\n<p>Qu\u00fd kh\u00e1ch c\u00f3 th\u1ec3 c\u1eadp nh\u1eadt th\u00f4ng tin c\u00e1 nh\u00e2n c\u1ee7a m\u00ecnh b\u1ea5t c\u1ee9 l\u00fac n\u00e0o b\u1eb1ng c\u00e1ch \u0111\u0103ng nh\u1eadp v\u00e0o trang web Intemphugiare.com<\/p>\n\n\n\n<ol start=\"3\" class=\"wp-block-list\">\n<li><strong>Thay \u0111\u1ed5i ch\u00ednh s\u00e1ch b\u1ea3o m\u1eadt<\/strong><\/li>\n<\/ol>\n\n\n\n<p>Intemphugiare.com c\u00f3 quy\u1ec1n thay \u0111\u1ed5i v\u00e0 ch\u1ec9nh s\u1eeda ch\u00ednh s\u00e1ch b\u1ea3o m\u1eadt v\u00e0o b\u1ea5t k\u1ef3 l\u00fac n\u00e0o. B\u1ea5t c\u1ee9 thay \u0111\u1ed5i n\u00e0o v\u1ec1 ch\u00ednh s\u00e1ch n\u00e0y \u0111\u1ec1u \u0111\u01b0\u1ee3c \u0111\u0103ng tr\u00ean trang web c\u1ee7a ch\u00fang t\u00f4i.<\/p>\n\n\n\n<p><strong>C\u00f4ng ty TNHH SX TM DV T\u1ea5n Long<\/strong><\/p>\n","protected":false},"excerpt":{"rendered":"<p>Ch\u00ednh s\u00e1ch b\u1ea3o m\u1eadt Intemphugiare.com \u0111\u1ea3m b\u1ea3o r\u1eb1ng m\u1ecdi th\u00f4ng tin c\u00e1 nh\u00e2n m\u00e0 kh\u00e1ch h\u00e0ng cung c\u1ea5p s\u1ebd \u0111\u01b0\u1ee3c \u0111\u1ea3m b\u1ea3o an to\u00e0n, ch\u00fang t\u00f4i tri\u1ec3n khai c\u00e1c bi\u1ec7n ph\u00e1p b\u1ea3o m\u1eadt cao nh\u1ea5t \u0111\u1ec3 b\u1ea3o v\u1ec7 th\u00f4ng tin c\u00e1 nh\u00e2n c\u1ee7a kh\u00e1ch h\u00e0ng: &#8211; Gi\u1edbi h\u1ea1n truy c\u1eadp th\u00f4ng tin c\u00e1 nh\u00e2n &#8211;&hellip;&nbsp;<a href=\"https:\/\/intemphugiare.com\/index.php\/chinh-sach-bao-mat-2\/\" rel=\"bookmark\"><span class=\"screen-reader-text\">Ch\u00ednh s\u00e1ch b\u1ea3o m\u1eadt<\/span><\/a><\/p>\n","protected":false},"author":1,"featured_media":0,"parent":0,"menu_order":0,"comment_status":"closed","ping_status":"closed","template":"","meta":{"neve_meta_sidebar":"","neve_meta_container":"","neve_meta_enable_content_width":"","neve_meta_content_width":0,"neve_meta_title_alignment":"","neve_meta_author_avatar":"","neve_post_elements_order":"","neve_meta_disable_header":"","neve_meta_disable_footer":"","neve_meta_disable_title":"","footnotes":""},"class_list":["post-348","page","type-page","status-publish","hentry"],"_links":{"self":[{"href":"https:\/\/intemphugiare.com\/index.php\/wp-json\/wp\/v2\/pages\/348","targetHints":{"allow":["GET"]}}],"collection":[{"href":"https:\/\/intemphugiare.com\/index.php\/wp-json\/wp\/v2\/pages"}],"about":[{"href":"https:\/\/intemphugiare.com\/index.php\/wp-json\/wp\/v2\/types\/page"}],"author":[{"embeddable":true,"href":"https:\/\/intemphugiare.com\/index.php\/wp-json\/wp\/v2\/users\/1"}],"replies":[{"embeddable":true,"href":"https:\/\/intemphugiare.com\/index.php\/wp-json\/wp\/v2\/comments?post=348"}],"version-history":[{"count":0,"href":"https:\/\/intemphugiare.com\/index.php\/wp-json\/wp\/v2\/pages\/348\/revisions"}],"wp:attachment":[{"href":"https:\/\/intemphugiare.com\/index.php\/wp-json\/wp\/v2\/media?parent=348"}],"curies":[{"name":"wp","href":"https:\/\/api.w.org\/{rel}","templated":true}]}}